{"id":23,"date":"2019-10-14T12:00:52","date_gmt":"2019-10-14T11:00:52","guid":{"rendered":"http:\/\/aubeterre.de\/?page_id=23"},"modified":"2019-10-14T13:42:43","modified_gmt":"2019-10-14T12:42:43","slug":"liebe-gaeste","status":"publish","type":"page","link":"https:\/\/aubeterre.de\/","title":{"rendered":"Liebe G\u00e4ste"},"content":{"rendered":"\n<p>Wir begr\u00fc\u00dfen Sie auf unserer Website.<\/p>\n\n\n\n<p>Wir, das sind einige Enthusiasten, die sich im Sommer (fast) immer in Richtung Frankreich begeben. In ein kleines \u00d6rtchen in der Region Poitou\/Charente, unmitttelbar an der Grenze zum Perigord (Dordogne).<\/p>\n\n\n\n<p>Dort treffen wir uns mit anderen Gleichgesinnten, die so ein \u00e4hnliches Urlaubsmuster haben und denen die franz\u00f6siche Lebensweise genau so gef\u00e4llt wie uns.<\/p>\n\n\n\n<p>Sie kommen aus Frankreich, den Niederlanden, usw und wir treffen uns dort regelm\u00e4\u00dfig und lassen es uns gut gehen.<\/p>\n\n\n\n<p>Auf der Startseite bekommt man einen Eindruck von der Sch\u00f6nheit dieses Ortes. Dort ist der Marktplatz abgebildet.<\/p>\n\n\n\n<p>Seit Juli diesen Jahres versuchen wir die franz\u00f6sische Lebensart durch kulinarische, franz\u00f6sische Abende im geselligen Vereinskreis auch nach Deutschland zu zaubern. So wird die Zeit bis zum n\u00e4chsten Jahr nicht allzu lang.<\/p>\n","protected":false},"excerpt":{"rendered":"<p>Wir begr\u00fc\u00dfen Sie auf unserer Website. Wir, das sind einige Enthusiasten, die sich im Sommer (fast) immer in Richtung Frankreich begeben. In ein kleines \u00d6rtchen in der Region Poitou\/Charente, unmitttelbar an der Grenze zum Perigord (Dordogne). Dort treffen wir uns mit anderen Gleichgesinnten, die so ein \u00e4hnliches Urlaubsmuster haben und denen die franz\u00f6siche Lebensweise genau &hellip; <\/p>\n<p class=\"link-more\"><a href=\"https:\/\/aubeterre.de\/\" class=\"more-link\"><span class=\"screen-reader-text\">\u201eLiebe G\u00e4ste\u201c<\/span> weiterlesen<\/a><\/p>\n","protected":false},"author":1,"featured_media":0,"parent":0,"menu_order":0,"comment_status":"closed","ping_status":"closed","template":"","meta":{"footnotes":""},"class_list":["post-23","page","type-page","status-publish","hentry"],"_links":{"self":[{"href":"https:\/\/aubeterre.de\/index.php?rest_route=\/wp\/v2\/pages\/23"}],"collection":[{"href":"https:\/\/aubeterre.de\/index.php?rest_route=\/wp\/v2\/pages"}],"about":[{"href":"https:\/\/aubeterre.de\/index.php?rest_route=\/wp\/v2\/types\/page"}],"author":[{"embeddable":true,"href":"https:\/\/aubeterre.de\/index.php?rest_route=\/wp\/v2\/users\/1"}],"replies":[{"embeddable":true,"href":"https:\/\/aubeterre.de\/index.php?rest_route=%2Fwp%2Fv2%2Fcomments&post=23"}],"version-history":[{"count":3,"href":"https:\/\/aubeterre.de\/index.php?rest_route=\/wp\/v2\/pages\/23\/revisions"}],"predecessor-version":[{"id":38,"href":"https:\/\/aubeterre.de\/index.php?rest_route=\/wp\/v2\/pages\/23\/revisions\/38"}],"wp:attachment":[{"href":"https:\/\/aubeterre.de\/index.php?rest_route=%2Fwp%2Fv2%2Fmedia&parent=23"}],"curies":[{"name":"wp","href":"https:\/\/api.w.org\/{rel}","templated":true}]}}